{"id":1506,"date":"2025-01-29T20:16:10","date_gmt":"2025-01-29T19:16:10","guid":{"rendered":"https:\/\/test.apv-ka.de\/?page_id=1506"},"modified":"2025-02-05T20:27:19","modified_gmt":"2025-02-05T19:27:19","slug":"apv-fachtagung-2025","status":"publish","type":"page","link":"https:\/\/test.apv-ka.de\/?page_id=1506","title":{"rendered":"APV Fachtagung 2025"},"content":{"rendered":"    <h1 style=\"text-align: center; margin-bottom: 20px;\">APV Fachtagung Anmeldung<\/h1>\n    <form id=\"apv-registration-form\" method=\"post\" action=\"\" style=\"display: grid; grid-template-columns: 1fr; gap: 15px; font-family: 'Arial', sans-serif; color: #333; max-width: 850px; margin: 0 auto;\">\n    <table>\n<tbody>\n<tr>\n\t<td>\n\t\t<div style=\"display: grid; grid-template-columns: 1fr; gap: 10px;\">\n            \t<label for=\"first_name\" style=\"font-weight: bold;\">Vorname:<\/label>\n            \t<input type=\"text\" id=\"first_name\" name=\"first_name\" required style=\"border: 1px solid #555; padding: 8px; border-radius: 4px;\">\n\t\t<\/div>\n\t<\/td>\n\t<td>\n\t\t<div style=\"display: grid; grid-template-columns: 1fr; gap: 10px;\">\n            \t<label for=\"last_name\" style=\"font-weight: bold;\">Nachname:<\/label>\n            <input type=\"text\" id=\"last_name\" name=\"last_name\" required style=\"border: 1px solid #555; padding: 8px; border-radius: 4px;\">\n\t\t<\/div>\n\t<\/td>\n<\/tr>\n  <\/tbody>\n  <\/table>\n\t\t<div style=\"display: grid; grid-template-columns: 1fr; gap: 10px;\">\n            \t<label for=\"email\" style=\"font-weight: bold;\">E-Mail-Adresse:<\/label>\n            \t<input type=\"email\" id=\"email\" name=\"email\" required style=\"border: 1px solid #555; padding: 8px; border-radius: 4px;\">\n        <\/div>\n<table>\n<tbody>\n<tr>\n<td>\n  <div style=\"display: grid; grid-template-columns: 1fr; gap: 10px;\">\n            <label for=\"post_code\" style=\"font-weight: bold;\">Postleitzahl:<\/label>\n            <input type=\"text\" id=\"post_code\" name=\"post_code\" style=\"border: 1px solid #555; padding: 8px; border-radius: 4px;\">\n        <\/div>\n  <\/td>\n<td>\n  <div style=\"display: grid; grid-template-columns: 1fr; gap: 10px;\">\n            <label for=\"city\" style=\"font-weight: bold;\">Ort:<\/label>\n            <input type=\"text\" id=\"city\" name=\"city\" style=\"border: 1px solid #555; padding: 8px; border-radius: 4px;\">\n        <\/div>\n  <\/td>\n<\/tr>\n<\/tbody>\n<\/table>\n\n<div style=\"display: grid; grid-template-columns: 1fr; gap: 10px;\">\n            <label for=\"street_number\" style=\"font-weight: bold;\">Stra\u00dfe und Hausnummer:<\/label>\n            <input type=\"text\" id=\"street_number\" name=\"street_number\" style=\"border: 1px solid #555; padding: 8px; border-radius: 4px;\">\n<\/div>\n\n<table>\n<tbody>\n<tr>\n<td>\n  <div style=\"display: grid; grid-template-columns: 1fr; gap: 10px;\">\n            <label for=\"company\" style=\"font-weight: bold;\">Firma:<\/label>\n            <input type=\"text\" id=\"company\" name=\"company\" style=\"border: 1px solid #555; padding: 8px; border-radius: 4px;\">\n        <\/div>\n  <\/td>\n<td>\n  <div style=\"display: grid; grid-template-columns: 1fr; gap: 10px;\">\n            <label for=\"position\" style=\"font-weight: bold;\">Position:<\/label>\n            <input type=\"text\" id=\"position\" name=\"position\" style=\"border: 1px solid #555; padding: 8px; border-radius: 4px;\">\n        <\/div>\n  <\/td>\n<\/tr>\n<\/tbody>\n<\/table>\n        <div style=\"display: grid; grid-template-columns: 1fr; gap: 10px;\">\n            <label style=\"font-weight: bold;\">\n                <input type=\"checkbox\" id=\"company_invoice\" name=\"company_invoice\" value=\"1\">\n                Firmenrechnung gew\u00fcnscht\n            <\/label>\n        <\/div>\n        <div id=\"company_address_field\" style=\"display:none; border: 1px solid #555; padding: 10px; margin-top: 10px;\">\n            <label for=\"company_post_code\" style=\"font-weight: bold;\">Postleitzahl:<\/label>\n            <input type=\"text\" id=\"company_post_code\" name=\"company_post_code\" style=\"border: 1px solid #555; padding: 8px; border-radius: 4px;\">\n            <label for=\"company_city\" style=\"font-weight: bold;\">Ort:<\/label>\n            <input type=\"text\" id=\"company_city\" name=\"company_city\" style=\"border: 1px solid #555; padding: 8px; border-radius: 4px;\">\n            <label for=\"company_street_number\" style=\"font-weight: bold;\">Stra\u00dfe und Hausnummer:<\/label>\n            <input type=\"text\" id=\"company_street_number\" name=\"company_street_number\" style=\"border: 1px solid #555; padding: 8px; border-radius: 4px;\">\n        <\/div>\n        <div style=\"display: grid; grid-template-columns: 1fr; gap: 10px;\">\n            <label for=\"affiliation\" style=\"font-weight: bold;\">Zugeh\u00f6rigkeit:<\/label>\n            <select id=\"affiliation\" name=\"affiliation\" style=\"border: 1px solid #555; padding: 8px; border-radius: 4px;\">\n                <option value=\"Keine\">Keine<\/option>\n                <option value=\"Aktiver Student\">Aktiver Student<\/option>\n                <option value=\"VGP\">VGP<\/option>\n                <option value=\"VPM\">VPM<\/option>\n                <option value=\"APV Darmstadt\">APV Darmstadt<\/option>\n                <option value=\"APV Dresden\">APV Dresden<\/option>\n                <option value=\"APV Karlsruhe\">APV Karlsruhe<\/option>\n            <\/select>\n        <\/div>\n        <div style=\"display: grid; grid-template-columns: 1fr; gap: 10px;\">\n            <label style=\"font-weight: bold;\">\n                <input type=\"checkbox\" id=\"get_together_booking\" name=\"get_together_booking\" value=\"1\">\n                Teilnahme am Get-together am 08.05.2025\n            <\/label>\n        <\/div>\n        <div style=\"display: grid; grid-template-columns: 1fr; gap: 10px;\">\n            <label style=\"font-weight: bold;\">\n                <input type=\"checkbox\" id=\"overnight_booking\" name=\"overnight_booking\" value=\"1\">\n                \u00dcbernachtung vom 08.05.-09.05.2025\n            <\/label>\n        <\/div>\n        <div style=\"display: grid; grid-template-columns: 1fr; gap: 10px;\">\n            <label style=\"font-weight: bold;\">\n                <input type=\"checkbox\" id=\"dinner_booking\" name=\"dinner_booking\" value=\"1\">\n                Teilnahme am Abendessen am 09.05.2025\n            <\/label>\n        <\/div>\n        <div style=\"display: grid; grid-template-columns: 1fr; gap: 10px; font-size: 14px;\">\n            <p>Die Anmeldung ist bindend. Die Rechnungsstellung f\u00fcr die \u00dcbernachtungskosten erfolgt seitens Papierzentrum.<\/p>\n            <p>Wir behalten uns vor Bildmaterial f\u00fcr \u00d6ffentlichkeitsarbeit aufzunehmen. Wenn Sie nicht fotografiert werden m\u00f6chten, melden Sie sich bitte vor Ort kurz bei einem Vorstandsmitglied. Dort helfen wir Ihnen gern weiter.<\/p>\n        <\/div>\n\n        <div>\n            <table>\n            <tbody>\n            <tr>\n            <td><b>Rechnung Papierzentrum<\/b><\/td>\n            <td><\/td>\n            <\/tr>\n            <tr>\n            <td>&Uuml;bernachtung inkl. Fr&uuml;hst&uuml;ck     -     70 &euro;<\/td>\n            <\/tr>\n            <\/tbody>\n            <\/table>\n        <\/div>\n\n        <div>\n            <table>\n            <tbody>\n            <tr>\n            <td><b>Rechnung APV<\/b><\/td>\n            <td><\/td>\n            <\/tr>\n            <tr>\n            <td>Tagungspauschale inkl. Verpflegung     -     70 &euro;<\/td>\n            <\/tr>\n            <\/tbody>\n            <\/table>\n        <\/div>\n\n                <div class=\"g-recaptcha\" data-sitekey=\"6Ld2-c8qAAAAAJHjoOp0JAqsUk4F2Btd87XHldFx\" data-callback=\"enableSubmit\"><\/div>\n\n        <div style=\"display: grid; grid-template-columns: 1fr; gap: 10px;\">\n            <input type=\"submit\" id=\"submit-btn\" value=\"Registrieren\" style=\"border: 1px solid #555; padding: 10px; background-color: #555; color: #fff; cursor: pointer; border-radius: 4px; display: none;\">\n        <\/div>\n    <\/form>\n\n    <script>\n        function enableSubmit(){\n            document.getElementById(\"submit-btn\").style.display = \"block\";\n        }\n    <\/script>\n\n    <script type=\"text\/javascript\">\n        document.getElementById('company_invoice').addEventListener('change', function() {\n            var companyAddressField = document.getElementById('company_address_field');\n            if (this.checked) {\n                companyAddressField.style.display = 'block';\n            } else {\n                companyAddressField.style.display = 'none';\n            }\n        });\n    <\/script>\n    <script src=\"https:\/\/www.google.com\/recaptcha\/api.js\" async defer><\/script>\n    \n\n\n\n<p><\/p>\n","protected":false},"excerpt":{"rendered":"","protected":false},"author":1,"featured_media":0,"parent":0,"menu_order":0,"comment_status":"closed","ping_status":"closed","template":"","meta":{"_monsterinsights_skip_tracking":false,"_monsterinsights_sitenote_active":false,"_monsterinsights_sitenote_note":"","_monsterinsights_sitenote_category":0,"site-sidebar-layout":"default","site-content-layout":"","ast-site-content-layout":"default","site-content-style":"default","site-sidebar-style":"default","ast-global-header-display":"","ast-banner-title-visibility":"","ast-main-header-display":"","ast-hfb-above-header-display":"","ast-hfb-below-header-display":"","ast-hfb-mobile-header-display":"","site-post-title":"","ast-breadcrumbs-content":"","ast-featured-img":"","footer-sml-layout":"","ast-disable-related-posts":"","theme-transparent-header-meta":"","adv-header-id-meta":"","stick-header-meta":"","header-above-stick-meta":"","header-main-stick-meta":"","header-below-stick-meta":"","astra-migrate-meta-layouts":"default","ast-page-background-enabled":"default","ast-page-background-meta":{"desktop":{"background-color":"var(--ast-global-color-5)","background-image":"","background-repeat":"repeat","background-position":"center center","background-size":"auto","background-attachment":"scroll","background-type":"","background-media":"","overlay-type":"","overlay-color":"","overlay-opacity":"","overlay-gradient":""},"tablet":{"background-color":"","background-image":"","background-repeat":"repeat","background-position":"center center","background-size":"auto","background-attachment":"scroll","background-type":"","background-media":"","overlay-type":"","overlay-color":"","overlay-opacity":"","overlay-gradient":""},"mobile":{"background-color":"","background-image":"","background-repeat":"repeat","background-position":"center center","background-size":"auto","background-attachment":"scroll","background-type":"","background-media":"","overlay-type":"","overlay-color":"","overlay-opacity":"","overlay-gradient":""}},"ast-content-background-meta":{"desktop":{"background-color":"var(--ast-global-color-4)","background-image":"","background-repeat":"repeat","background-position":"center center","background-size":"auto","background-attachment":"scroll","background-type":"","background-media":"","overlay-type":"","overlay-color":"","overlay-opacity":"","overlay-gradient":""},"tablet":{"background-color":"var(--ast-global-color-4)","background-image":"","background-repeat":"repeat","background-position":"center center","background-size":"auto","background-attachment":"scroll","background-type":"","background-media":"","overlay-type":"","overlay-color":"","overlay-opacity":"","overlay-gradient":""},"mobile":{"background-color":"var(--ast-global-color-4)","background-image":"","background-repeat":"repeat","background-position":"center center","background-size":"auto","background-attachment":"scroll","background-type":"","background-media":"","overlay-type":"","overlay-color":"","overlay-opacity":"","overlay-gradient":""}},"footnotes":""},"class_list":["post-1506","page","type-page","status-publish","hentry"],"_links":{"self":[{"href":"https:\/\/test.apv-ka.de\/index.php?rest_route=\/wp\/v2\/pages\/1506","targetHints":{"allow":["GET"]}}],"collection":[{"href":"https:\/\/test.apv-ka.de\/index.php?rest_route=\/wp\/v2\/pages"}],"about":[{"href":"https:\/\/test.apv-ka.de\/index.php?rest_route=\/wp\/v2\/types\/page"}],"author":[{"embeddable":true,"href":"https:\/\/test.apv-ka.de\/index.php?rest_route=\/wp\/v2\/users\/1"}],"replies":[{"embeddable":true,"href":"https:\/\/test.apv-ka.de\/index.php?rest_route=%2Fwp%2Fv2%2Fcomments&post=1506"}],"version-history":[{"count":5,"href":"https:\/\/test.apv-ka.de\/index.php?rest_route=\/wp\/v2\/pages\/1506\/revisions"}],"predecessor-version":[{"id":1535,"href":"https:\/\/test.apv-ka.de\/index.php?rest_route=\/wp\/v2\/pages\/1506\/revisions\/1535"}],"wp:attachment":[{"href":"https:\/\/test.apv-ka.de\/index.php?rest_route=%2Fwp%2Fv2%2Fmedia&parent=1506"}],"curies":[{"name":"wp","href":"https:\/\/api.w.org\/{rel}","templated":true}]}}